246205 (base 8) to base 6.
1454033
What is -120330130213 (base 4) in base 15?
-892767
Convert -110001000001110000101 (base 2) to base 12.
-655859
Convert ad8b5 (base 15) to base 8.
2066237
20aa24 (base 11) to base 8
1221410
60604 (base 12) to base 7
1031155
What is -1c74b8 (base 14) in base 3?
-1220202202122
Convert 127564 (base 9) to base 8.
227651
Convert 4a86e2 (base 16) to base 8.
22503342
What is 32231113 (base 4) in base 3?
10001122101
Convert -1a10a (base 12) to base 3.
-1221100201
What is 1001110111101010010 (base 2) in base 9?
542564
3666a7 (base 11) to base 16
8d8f4
What is 22ab3 (base 13) in base 2?
1111011101111000
a6499 (base 16) to base 11
425804
What is -11840427 (base 9) in base 13?
-12870a3
105604444 (base 7) to base 13
1450420
What is -220001222020 (base 3) in base 2?
-1110011101011100101
-313145 (base 8) to base 14
-29cb3
Convert -59076 (base 10) to base 12.
-2a230
What is -254070 (base 8) in base 13?
-31156
-18a1a (base 12) to base 11
-25078
Convert 1022111021101 (base 3) to base 15.
dbec1
Convert a390d (base 15) to base 12.
210011
What is 98616 (base 10) in base 5?
11123431
-20012200001 (base 3) to base 5
-12402410
Convert cdc (base 16) to base 9.
4457
-241780 (base 12) to base 8
-2163420
What is -112343344 (base 6) in base 10?
-2082160
What is -1572a05 (base 12) in base 5?
-2110131242
-53392 (base 12) to base 11
-75220
-1132313 (base 8) to base 10
-308427
-ab27d (base 15) to base 4
-2010303013
What is 1032446 (base 9) in base 15?
adc83
-1224420 (base 5) to base 9
-35502
What is -112264101 (base 7) in base 9?
-13835080
2890968 (base 10) to base 8
13016330
What is -728998 (base 12) in base 11?
-101929a
Convert e3f19d (base 16) to base 11.
8483598
Convert 6314227 (base 8) to base 6.
55542011
What is 117588 (base 9) in base 7?
414401
What is -292623 (base 12) in base 13?
-1b159c
-710039 (base 11) to base 8
-4266430
-90ebe2 (base 16) to base 14
-13932dc
-241444031 (base 5) to base 15
-17347b
Convert 6150114 (base 8) to base 7.
16552034
-8d982c (base 14) to base 13
-10008b0
ed14 (base 16) to base 8
166424
What is -124550 (base 6) in base 5?
-331232
262262 (base 14) to base 8
5002556
Convert -2460117 (base 8) to base 3.
-1021112210202
-35223513 (base 6) to base 7
-12165606
Convert -eb3cb8 (base 15) to base 14.
-16b8083
Convert 30003310222 (base 4) to base 11.
186a218
1222113300 (base 4) to base 11
278388
-100997 (base 10) to base 2
-11000101010000101
Convert -4e391 (base 16) to base 8.
-1161621
What is -1032220331 (base 4) in base 16?
-4ea3d
-2001210 (base 6) to base 4
-112312212
59a561 (base 14) to base 16
2ebe49
425e9 (base 15) to base 12
a1a56
2423110 (base 5) to base 11
31128
What is 9384a1 (base 12) in base 6?
121351121
Convert -10043032 (base 6) to base 11.
-185798
Convert -110010100100100100011101 (base 2) to base 7.
-220453054
What is 4350226 (base 7) in base 5?
114030030
Convert -1d9922 (base 14) to base 8.
-4035452
Convert ca56d (base 15) to base 3.
1012122022111
-1573a7 (base 12) to base 8
-1311157
What is 4956a (base 11) in base 12?
35274
Convert 1110011101101100001 (base 2) to base 11.
2a40a7
Convert -354541440 (base 6) to base 11.
-3845a73
-75c84 (base 14) to base 5
-33110400
Convert 367a97 (base 12) to base 15.
12715d
-9c2b71 (base 13) to base 16
-3850da
-502125 (base 8) to base 4
-220101111
b0b7c (base 14) to base 4
1213232022
-35214040 (base 6) to base 12
-447320
-183c2 (base 14) to base 6
-1150554
Convert -997273 (base 11) to base 6.
-54033043
What is -2101221010 (base 3) in base 2?
-1011100011100110
What is 1b34b8 (base 12) in base 5?
110422303
111022121212121 (base 3) to base 10
7078498
Convert -1022442102 (base 5) to base 7.
-24216300
What is 22c0d (base 15) in base 13?
3b515
512ea1 (base 16) to base 2
10100010010111010100001
What is -1778421 (base 9) in base 4?
-3303120112
-2b673 (base 15) to base 8
-421071
11100101101110010110 (base 2) to base 5
220102300
What is -110122233003 (base 4) in base 11?
-3026367
What is 13343244 (base 5) in base 6?
2535432
-246020 (base 8) to base 4
-110300100
What is 13100043 (base 8) in base 13?
7b1596
Convert 420dac (base 14) to base 15.
2e0ebd
-112121211202022 (base 3) to base 14
-1064368
511b (base 12) to base 9
13065
Convert 12860187 (base 10) to base 7.
214211154
Convert 2484088 (base 10) to base 15.
34105d
5502321 (base 6) to base 8
1024511
-1110201201202 (base 3) to base 8
-2767305
-18965 (base 16) to base 5
-11210314
208386 (base 10) to base 13
73b09
Convert 10144352 (base 6) to base 11.
1908a2
-11211012012 (base 3) to base 15
-1d1c5
-111001010100100001111 (base 2) to base 3
-10112102112012
1110111110000111000 (base 2) to base 5
111144202
Convert -1cec0a (base 16) to base 9.
-3508037
What is -92464a (base 13) in base 2?
-1101000000001011101111
11000010110010100001 (base 2) to base 9
1445407
-123aa02 (base 11) to base 9
-4040121
Convert -98603 (base 13) to base 6.
-5524042
What is 1140100434 (base 5) in base 7?
31414425
Convert 4772a (base 16) to base 15.
5baa0
Convert 48ab5a4 (base 12) to base 3.
222122111100021
-88d0cd (base 14) to base 2
-10001101110001110001101
Convert 29c93 (base 14) to base 12.
50235
Convert 10366084 (base 9) to base 13.
106280b
Convert 22952 (base 13) to base 4.
33122000
ca513 (base 13) to base 15
734ad
What is -6377772 (base 8) in base 11?
-a64208
Convert 130eb9 (base 15) to base 10.
914574
What is 1623362 (base 9) in base 15?
12c0e8
What is -100011000100001101001 (base 2) in base 9?
-2141153
What is -9d1a9 (base 15) in base 13?
-1466b8
What is -3ed3bd (base 15) in base 11?
-1790763
-11321220313 (base 4) to base 2
-101111001101000110111
What is 42627126 (base 8) in base 12?
307a69a
-653322 (base 7) to base 9
-183380
What is -31aa5b5 (base 12) in base 16?
-8fecd9
What is -2111222001 (base 3) in base 4?
-30012022
What is 1123342102 (base 5) in base 15?
35836c
52311 (base 6) to base 9
10567
Convert -23460606 (base 8) to base 3.
-100122222022220
Convert 161163314 (base 7) to base 4.
221122122230
What is -11103230 (base 5) in base 11?
-67129
Convert -29b76 (base 14) to base 10.
-103788
What is 443441 (base 9) in base 2?
1000000101100011100
What is -234414422 (base 5) in base 13?
-2c2c95
What is -102012101002 (base 3) in base 14?
-5a490
-3064504 (base 9) to base 12
-66b41a
What is -452b919 (base 12) in base 6?
-1151554033
What is -1a7399 (base 11) in base 2?
-1001101011101000001
What is -168818 (base 9) in base 2?
-11001100111010000
-33288 (base 16) to base 12
-a1320
What is -5247734 (base 8) in base 16?
-154fdc
Convert -824505 (base 11) to base 12.
-539ba0
-aa733 (base 15) to base 4
-2010032313
Convert -3562343 (base 9) to base 15.
-2820b9
-11342054 (base 6) to base 8
-1266362
-1003202330 (base 4) to base 11
-179957
-22202233010 (base 4) to base 11
-161846a
What is 1ba1a58 (base 13) in base 7?
141126625
Convert c556 (base 13) to base 9.
41371
-1001011101110000010101 (base 2) to base 11
-1445162
Convert -22031202 (base 4) to base 9.
-63333
Convert 5543350 (base 10) to base 9.
11378037
What is -47147 (base 13) in base 7?
-1050401
What is -196c60 (base 15) in base 6?
-42311400
Convert 101f8 (base 16) to base 10.
66040
What is -764633 (base 10) in base 4?
-2322223121
What is 10b78 (base 15) in base 16?
cfdd
Convert -746187 (base 9) to base 2.
-1101100011011011001
84843 (base 12) to base 2
101010011110110011
Convert -88100 (base 11) to base 2.
-11111001110011001
Convert -1756630 (base 9) to base 5.
-222414401
4850d (base 16) to base 4
1020110031
What is -501366 (base 10) in base 5?
-112020431
4434605 (base 12) to base 7
215401565
Convert 1387147 (base 10) to base 16.
152a8b
Convert -11100122102102 (base 3) to base 10.
-2315612
Convert -2b7e6 (base 16) to base 5.
-21200100
What is -1aa4a4 (base 11) in base 8?
-1163531
add070 (base 14) to base 4
112203231022
What is 392714 (base 11) in base 15?
c339b
Convert 133334525 (base 6) to base 16.
2902b5
-7c88 (base 15) to base 12
-13385
Convert -1262139 (base 11) to base 15.
-2d2324
What is -1011000101000 (base 2) in base 16?
-1628
What is 1ac5a6 (base 16) in base 8?
6542646
What is 10721d (base 16) in base 3?
2000202110010
What is -4122700 (base 8) in base 2?
-100001010010111000000
What is -2012101002121 (base 3) in base 14?
-225c77
2aa9793 (base 11) to base 14
9c42dc
What is 2b6021 (base 12) in base 15?
e81b